alse
Is 1913175599 a prime number?
False
Is 1027662653 prime?
False
Is 12336701287 a composite number?
True
Is 1004743049 prime?
False
Is 5516890963 composite?
False
Is 795102799 a prime number?
True
Is 8750793763 prime?
False
Is 416672731 a composite number?
False
Is 3156158933 composite?
True
Is 1401043057 composite?
False
Is 1739375567 composite?
False
Is 50078588765 composite?
True
Is 1760669731 a prime number?
True
Is 714456167 prime?
True
Is 6138243893 a prime number?
True
Is 44257087747 prime?
True
Is 477807463 prime?
False
Is 1157750657 a prime number?
False
Is 23695254113 prime?
True
Is 19316254289 prime?
False
Is 2786863447 a prime number?
False
Is 1622126827 composite?
False
Is 1450454273 a composite number?
False
Is 234188527 prime?
False
Is 19966984333 a prime number?
True
Is 14922660581 a prime number?
False
Is 733196381 a composite number?
True
Is 2437929889 a prime number?
False
Is 105451074163 a prime number?
True
Is 85319207 prime?
False
Is 104180634043 a prime number?
True
Is 27461425583 composite?
True
Is 2749867661 a prime number?
False
Is 3082358507 composite?
False
Is 502032503 prime?
False
Is 559043 a composite number?
True
Is 77860523 a composite number?
True
Is 1398313859 a prime number?
True
Is 20321169173 a composite number?
False
Is 156709211 a composite number?
False
Is 115672953601 a prime number?
True
Is 2442248461 a prime number?
True
Is 7246881781 prime?
True
Is 268505401961 a composite number?
True
Is 3516089389 a composite number?
False
Is 40695018997 composite?
True
Is 1955124469 a prime number?
False
Is 1080546305 prime?
False
Is 5671478011 prime?
True
Is 185713933 composite?
True
Is 161847383 a composite number?
True
Is 434891393 a composite number?
False
Is 2565758894 prime?
False
Is 101188837 a prime number?
True
Is 5690700419 a prime number?
True
Is 4694235659 prime?
True
Is 5815736123 prime?
True
Is 88150914323 composite?
False
Is 25200299689 a composite number?
False
Is 16073400229 a prime number?
False
Is 5892261679 a composite number?
False
Is 329439109 a prime number?
True
Is 20980511753 prime?
True
Is 5135327299 a prime number?
True
Is 3218404339 prime?
True
Is 11197348373 a composite number?
True
Is 1124438149 prime?
True
Is 17810231 composite?
True
Is 202267415309 prime?
True
Is 2073103979 prime?
True
Is 823964371 composite?
True
Is 96679171 a composite number?
False
Is 1435618799 composite?
False
Is 27257273227 composite?
False
Is 887165191 prime?
False
Is 23015891419 composite?
False
Is 187632127 a prime number?
False
Is 108037051 composite?
True
Is 6949231943 a prime number?
True
Is 535879067 prime?
True
Is 1921141499 a prime number?
True
Is 405205729 a composite number?
True
Is 2393864687 a prime number?
True
Is 533073533 prime?
True
Is 493022501 prime?
True
Is 1769545693 a composite number?
True
Is 35728901903 composite?
False
Is 78438409403 a prime number?
False
Is 165841789 a composite number?
False
Is 8617545947 a prime number?
True
Is 1276030771 prime?
True
Is 3441314347 a prime number?
True
Is 5821537003 composite?
True
Is 1386762103 a prime number?
False
Is 28174797067 a prime number?
False
Is 13272456787 a prime number?
False
Is 20349996367 composite?
False
Is 36540636907 prime?
False
Is 2515520851 prime?
True
Is 12031244189 prime?
True
Is 9185119399 a composite number?
False
Is 46062780919 composite?
False
Is 74876887 prime?
True
Is 44547174359 a composite number?
False
Is 575512643 prime?
False
Is 808710974 composite?
True
Is 23249997389 prime?
False
Is 1777808707 a prime number?
True
Is 195552013 prime?
True
Is 12939967 prime?
True
Is 66562342274 prime?
False
Is 1776409643 a prime number?
False
Is 58415261 a prime number?
True
Is 611552461 composite?
True
Is 901961237 a prime number?
True
Is 32660504493 composite?
True
Is 100716611 a prime number?
False
Is 89116921 a prime number?
True
Is 41448329039 a prime number?
False
Is 1828876393 a composite number?
True
Is 59226539777 a prime number?
True
Is 3572423671 a prime number?
True
Is 225334481 composite?
True
Is 1056050389 a composite number?
True
Is 710935961 a composite number?
False
Is 57585850793 composite?
True
Is 1557867841 composite?
False
Is 6389280211 a composite number?
True
Is 273058813 composite?
False
Is 1239804803 a composite number?
False
Is 612214357 a composite number?
True
Is 26854306361 composite?
False
Is 603851399 prime?
True
Is 2586226607 a prime number?
False
Is 4202517331 composite?
False
Is 397250417 prime?
False
Is 40565222023 composite?
False
Is 237015643 a composite number?
False
Is 7749058697 a composite number?
True
Is 160381692719 composite?
False
Is 6816014767 a prime number?
False
Is 252495193 a prime number?
False
Is 2461498123 a composite number?
True
Is 1860736573 a prime number?
True
Is 316643647 prime?
False
Is 64092434569 a composite number?
False
Is 14441132033 prime?
True
Is 1846449589 prime?
False
Is 403245023 composite?
False
Is 1365552403 composite?
False
Is 466880737 a prime number?
False
Is 2432449291 a prime number?
False
Is 15032054203 a prime number?
True
Is 851142889 a composite number?
False
Is 24838561577 a composite number?
False
Is 2573099147 composite?
False
Is 9994929163 prime?
True
Is 356272003663 composite?
False
Is 1026029677 a composite number?
False
Is 104901682589 composite?
True
Is 109714882 a composite number?
True
Is 208064542181 a prime number?
True
Is 477565365587 a composite number?
False
Is 228316763531 composite?
False
Is 80226581 a composite number?
False
Is 3254413307 a prime number?
True
Is 392536163 a composite number?
False
Is 3533673841 a composite number?
False
Is 159970160663 composite?
False
Is 13751115863 prime?
False
Is 30301022827 composite?
True
Is 670884497 a prime number?
False
Is 7015406291 prime?
False
Is 13469684297 a prime number?
True
Is 17497886759 prime?
True
Is 16455997 a composite number?
False
Is 9788785733 a prime number?
True
Is 7135085017 prime?
False
Is 5533380217 composite?
True
Is 33327251543 a prime number?
True
Is 836757373 prime?
True
Is 306737422 a composite number?
True
Is 218708197 prime?
True
Is 14061542191 a composite number?
True
Is 1303502605 prime?
False
Is 348752177 a composite number?
False
Is 18797577889 prime?
False
Is 2625181058 a prime number?
False
Is 36778431113 a prime number?
True
Is 1156362679 a composite number?
True
Is 4799964937 prime?
False
Is 36730128601 a prime number?
False
Is 1422343991 composite?
True
Is 59968481 composite?
False
Is 3336957749 prime?
True
Is 3416081101 a composite number?
False
Is 1014982417 composite?
True
Is 333632311 composite?
True
Is 4010811097 prime?
False
Is 11102430251 composite?
True
Is 5624618119 prime?
True
Is 301053215 prime?
False
Is 1155591511 a composite number?
True
Is 245543587 prime?
True
Is 805892593 a prime number?
False
Is 1294108099 a composite number?
False
Is 6489240883 prime?
False
Is 5523529853 prime?
False
Is 26994750503 composite?
True
Is 1920918119 a composite number?
True
Is 2039054669 prime?
False
Is 32448991973 a composite number?
True
Is 2067577039 a prime number?
False
Is 4505726959 a composite number?
True
Is 814036877 prime?
False
Is 7418053903 a composite number?
True
Is 3091463207 prime?
False
Is 6572620261 a composite number?
False
Is 3268641907 prime?
False
Is 21678699397 a prime number?
False
Is 107371267 a prime number?
True
Is 420928507 a composite number?
False
Is 42160507601 composite?
True
Is 839708579 prime?
True
Is 1501223909 composite?
True
Is 384703031909 a composite number?
True
Is 94300705327 a prime number?
False
Is 2186442659 a prime number?
True
Is 1166441713 composite?
True
Is 27944733755 a prime number?
False
Is 364976993 a prime number?
False
Is 140676451 a prime number?
False
Is 4158061949 a composite number?
True
Is 99799156565 prime?
False
Is 1043877227 prime?
True
Is 28136964805 a composite number?
True
Is 67152377669 a composite number?
True
Is 6530314289 composite?
True
Is 721046089 a composite number?
True
Is 457693 a prime number?
False
Is 1051839883 composite?
True
Is 167377963 composite?
False
Is 5823809311 a composite number?
False
Is 16140808207 a prime number?
False
Is 3306083399 a composite number?
True
Is 266599243 prime?
True
Is 551149789 a prime number?
False
Is 302538911 a prime number?
False
Is 134859681